{"id":7,"date":"2011-04-07T10:03:07","date_gmt":"2011-04-07T10:03:07","guid":{"rendered":"http:\/\/xn--fcdahl-drenhagen-twb.de\/?page_id=7"},"modified":"2026-02-01T17:24:03","modified_gmt":"2026-02-01T16:24:03","slug":"vorstand","status":"publish","type":"page","link":"http:\/\/xn--fcdahl-drenhagen-twb.de\/?page_id=7","title":{"rendered":"Vorstand"},"content":{"rendered":"\t\t<div data-elementor-type=\"wp-page\" data-elementor-id=\"7\" class=\"elementor elementor-7\">\n\t\t\t\t<div class=\"elementor-element elementor-element-38b6c139 e-flex e-con-boxed e-con e-parent\" data-id=\"38b6c139\" data-element_type=\"container\">\n\t\t\t\t\t<div class=\"e-con-inner\">\n\t\t\t\t<div class=\"elementor-element elementor-element-66d0790c elementor-widget elementor-widget-text-editor\" data-id=\"66d0790c\" data-element_type=\"widget\" data-widget_type=\"text-editor.default\">\n\t\t\t\t<div class=\"elementor-widget-container\">\n\t\t\t\t\t\t\t\t\t\n<figure class=\"wp-block-table\">\n<table>\n<tbody>\n<tr>\n<td>1. Vorsitzender:<\/td>\n<td>Andreas Groneberg <br \/>E-Mail: agrone@gmx.de<br \/>Tel.: 0172-4112176<\/td>\n<td>bis 2027<\/td>\n<\/tr>\n<tr>\n<td>stellv. Vorsitzender:<\/td>\n<td>Rainer Fraune<br \/>E-Mail: rainer_fraune@web.de<br \/>Tel.: 05293-9322299<\/td>\n<td>bis 2028<\/td>\n<\/tr>\n<tr>\n<td>Gesch\u00e4ftsf\u00fchrer:<\/td>\n<td>Thorsten L\u00fcke<br \/>E-Mail: thorsten_lueke@web.de<br \/>Tel.: 05293-930998<\/td>\n<td>bis 2028<\/td>\n<\/tr>\n<tr>\n<td>stellv. Gesch\u00e4ftsf\u00fchrer:<\/td>\n<td>Christian Buschmeier<br \/>E-Mail: buschmeierc@gmail.com<br \/>Tel.: 0160-96944656<\/td>\n<td>bis 2028<\/td>\n<\/tr>\n<tr>\n<td>Kassierer:<\/td>\n<td>Viktor Ditz<br \/>E-Mail: finanzen@fcdahl-d\u00f6renhagen.de<br \/>Tel.: 0176-70941027<\/td>\n<td>bis 2027<\/td>\n<\/tr>\n<tr>\n<td>2. Kassierer:<\/td>\n<td>Mathis Wiedfeld<\/td>\n<td>bis 2028<\/td>\n<\/tr>\n<tr>\n<td>Sportlicher Leiter Senioren<\/td>\n<td>Sascha Schr\u00f6der<br \/>E-Mail: sascha.schroeder1987@gmx.de<br \/>Tel.: <span data-olk-copy-source=\"MessageBody\">0172-4866694<\/span><\/td>\n<td>bis 2028<\/td>\n<\/tr>\n<\/tbody>\n<\/table>\n<\/figure>\n\n<h1 class=\"wp-block-heading\">Erweiterter Vorstand<\/h1>\n\n<figure class=\"wp-block-table\">\n<table>\n<tbody>\n<tr>\n<td>AH Gr\u00fcn<\/td>\n<td>\n<p>Jamie Kilpatrick<\/p>\n<\/td>\n<td>bis 2027<\/td>\n<\/tr>\n<tr>\n<td>AH Rot<\/td>\n<td>Jens Kroh\n<p>Tel.: 0160 7882406<\/p>\n<p>E- Mail: j.kroh84@gmail.com<\/p>\n<\/td>\n<td>bis 2027<\/td>\n<\/tr>\n<tr>\n<td>Erste Mannschaft<\/td>\n<td>\n<p>Nils Jaksties<\/p>\nTel.: <span data-olk-copy-source=\"MessageBody\">01511-1857151<\/span><br \/>E- Mail: <a title=\"mailto:n-jaksties@t-online.de\" href=\"mailto:n-jaksties@t-online.de\" rel=\"noopener noreferrer\" data-linkindex=\"1\" data-olk-copy-source=\"MessageBody\">n-jaksties@t-online.de<\/a><\/td>\n<td>bis 2027<\/td>\n<\/tr>\n<tr>\n<td>Zweite Mannschaft<\/td>\n<td><span data-olk-copy-source=\"MessageBody\">Philipp Tegethoff<\/span><br \/>\n<p>Tel.: <span data-olk-copy-source=\"MessageBody\">0160-98763977<\/span><br \/>E- Mail: <a title=\"mailto:tegethoff900@gmail.com\" href=\"mailto:tegethoff900@gmail.com\" rel=\"noopener noreferrer\" data-linkindex=\"2\" data-olk-copy-source=\"MessageBody\">tegethoff900@gmail.com<\/a><\/p>\n<\/td>\n<td>\n<p>bis 2027<\/p>\n<\/td>\n<\/tr>\n<tr>\n<td>Dritte Mannschaft<\/td>\n<td><span data-olk-copy-source=\"MessageBody\">Thomas Indlekofer<\/span><br \/>\n<p>Tel.: <span data-olk-copy-source=\"MessageBody\">0170-2776746<\/span><br \/>E- Mail:<a href=\"mailto:mail@thomasindlekofer.de\">mail@thomasindlekofer.de<\/a><\/p>\n<\/td>\n<td>\n<p>bis 2027<\/p>\n<\/td>\n<\/tr>\n<\/tbody>\n<\/table>\n<\/figure>\n\n<h1 class=\"wp-block-heading\">Jugendvorstand<\/h1>\n\n<figure class=\"wp-block-table\">\n<table>\n<tbody>\n<tr>\n<td>Vorsitzender:<\/td>\n<td>Daniel B\u00f6ddeker<br \/>E- Mail: jugend-dd@web.de<br \/>Tel.: 0152 59581010<\/td>\n<td>bis 2028<\/td>\n<\/tr>\n<tr>\n<td>stellv. Vorsitzender:<\/td>\n<td>Rainer Fraune<br \/>E- Mail: rainer_fraune@web.de<br \/>Tel.: 05293-9322299<\/td>\n<td>bis 2028<\/td>\n<\/tr>\n<tr>\n<td>Gesch\u00e4ftsf\u00fchrer und Turnierkoordination:<\/td>\n<td>Thorsten L\u00fcke<br \/>E- Mail: thorsten_lueke@web.de<br \/>Tel.: 05293-930998<\/td>\n<td>bis 2027<\/td>\n<\/tr>\n<tr>\n<td>Kassierer:<\/td>\n<td>Viktor Ditz<br \/>E- Mail: finanzen@fcdahl-d\u00f6renhagen.de<br \/>Tel.: 017670941027<\/td>\n<td>bis 2027<\/td>\n<\/tr>\n<tr>\n<td>m\u00e4nnl. Jugendvertreter + Medienarbeit:<\/td>\n<td>Josef Aslan und Titus Winter<\/td>\n<td>bis 2027<\/td>\n<\/tr>\n<tr>\n<td>weibl. Jugendvertreter + Medienarbeit:<\/td>\n<td>Mieke Ruppel und Emma Hinz<\/td>\n<td>\n<p>bis 2026<\/p>\n<\/td>\n<\/tr>\n<tr>\n<td>Sportliche Leitung M\u00e4dchenmannschafen<\/td>\n<td>Daniel B\u00f6ddeker und Rainer Fraune<\/td>\n<td>bis 2028<\/td>\n<\/tr>\n<tr>\n<td>Sportliche Leitung E-, F- und G- Jugend<\/td>\n<td>Jens Kroh\n<p>Tel.: 0160 7882406<\/p>\n<p>E- Mail: j.kroh84@gmail.com<\/p>\n<\/td>\n<td>bis 2028<\/td>\n<\/tr>\n<tr>\n<td>Sportliche Leitung C- und D- Jugend<\/td>\n<td>Lisa Stieben<\/td>\n<td>bis 2028<\/td>\n<\/tr>\n<tr>\n<td>Sportliche Leitung A- und B- Jugend<\/td>\n<td>Johannes Fornefeld<\/td>\n<td>bis 2028<\/td>\n<\/tr>\n<\/tbody>\n<\/table>\n<\/figure>\n\n<h1 class=\"wp-block-heading\">\u00a0<\/h1>\n<ul>\n<li><\/li>\n<\/ul>\t\t\t\t\t\t\t\t<\/div>\n\t\t\t\t<\/div>\n\t\t\t\t\t<\/div>\n\t\t\t\t<\/div>\n\t\t\t\t<\/div>\n\t\t","protected":false},"excerpt":{"rendered":"<p>1. Vorsitzender: Andreas Groneberg E-Mail: agrone@gmx.deTel.: 0172-4112176 bis 2027 stellv. Vorsitzender: Rainer FrauneE-Mail: rainer_fraune@web.deTel.: 05293-9322299 bis 2028 Gesch\u00e4ftsf\u00fchrer: Thorsten L\u00fckeE-Mail: thorsten_lueke@web.deTel.: 05293-930998 bis 2028 stellv. Gesch\u00e4ftsf\u00fchrer: Christian BuschmeierE-Mail: buschmeierc@gmail.comTel.: 0160-96944656 bis 2028 Kassierer: Viktor DitzE-Mail:<a class=\"read-more\" href=\"http:\/\/xn--fcdahl-drenhagen-twb.de\/?page_id=7\">Continue reading<\/a><\/p>\n","protected":false},"author":1,"featured_media":0,"parent":4,"menu_order":0,"comment_status":"open","ping_status":"open","template":"","meta":{"_monsterinsights_skip_tracking":false,"_monsterinsights_sitenote_active":false,"_monsterinsights_sitenote_note":"","_monsterinsights_sitenote_category":0,"ngg_post_thumbnail":0,"footnotes":""},"class_list":["post-7","page","type-page","status-publish","hentry"],"_links":{"self":[{"href":"http:\/\/xn--fcdahl-drenhagen-twb.de\/index.php?rest_route=\/wp\/v2\/pages\/7","targetHints":{"allow":["GET"]}}],"collection":[{"href":"http:\/\/xn--fcdahl-drenhagen-twb.de\/index.php?rest_route=\/wp\/v2\/pages"}],"about":[{"href":"http:\/\/xn--fcdahl-drenhagen-twb.de\/index.php?rest_route=\/wp\/v2\/types\/page"}],"author":[{"embeddable":true,"href":"http:\/\/xn--fcdahl-drenhagen-twb.de\/index.php?rest_route=\/wp\/v2\/users\/1"}],"replies":[{"embeddable":true,"href":"http:\/\/xn--fcdahl-drenhagen-twb.de\/index.php?rest_route=%2Fwp%2Fv2%2Fcomments&post=7"}],"version-history":[{"count":98,"href":"http:\/\/xn--fcdahl-drenhagen-twb.de\/index.php?rest_route=\/wp\/v2\/pages\/7\/revisions"}],"predecessor-version":[{"id":4892,"href":"http:\/\/xn--fcdahl-drenhagen-twb.de\/index.php?rest_route=\/wp\/v2\/pages\/7\/revisions\/4892"}],"up":[{"embeddable":true,"href":"http:\/\/xn--fcdahl-drenhagen-twb.de\/index.php?rest_route=\/wp\/v2\/pages\/4"}],"wp:attachment":[{"href":"http:\/\/xn--fcdahl-drenhagen-twb.de\/index.php?rest_route=%2Fwp%2Fv2%2Fmedia&parent=7"}],"curies":[{"name":"wp","href":"https:\/\/api.w.org\/{rel}","templated":true}]}}